{"id":121,"date":"2025-09-24T15:48:15","date_gmt":"2025-09-24T15:48:15","guid":{"rendered":"https:\/\/honexus.org\/?page_id=121"},"modified":"2025-09-24T15:48:15","modified_gmt":"2025-09-24T15:48:15","slug":"asesoria-para-publicacion-en-scopus-y-web-of-science","status":"publish","type":"page","link":"https:\/\/honexus.org\/?page_id=121","title":{"rendered":"Asesor\u00eda para publicaci\u00f3n en Scopus y Web of Science"},"content":{"rendered":"\n<p class=\"has-small-font-size\">Publicar en revistas de alto impacto requiere estrategia, calidad y cumplimiento estricto de normas editoriales.<br>Nuestro servicio de <strong>asesor\u00eda para Scopus y WoS<\/strong> est\u00e1 dise\u00f1ado para guiar a investigadores en todo el proceso de publicaci\u00f3n:<\/p>\n\n\n\n<ul class=\"wp-block-list\">\n<li class=\"has-small-font-size\">Selecci\u00f3n de revistas indexadas adecuadas al \u00e1rea de investigaci\u00f3n.<\/li>\n\n\n\n<li class=\"has-small-font-size\">Revisi\u00f3n de formato, estructura y estilo seg\u00fan las normas de la revista.<\/li>\n\n\n\n<li class=\"has-small-font-size\">Adaptaci\u00f3n del manuscrito a est\u00e1ndares internacionales.<\/li>\n\n\n\n<li class=\"has-small-font-size\">Orientaci\u00f3n en procesos de env\u00edo y respuesta a revisores (<em>peer review<\/em>).<\/li>\n\n\n\n<li class=\"has-small-font-size\">Acompa\u00f1amiento hasta la aceptaci\u00f3n del art\u00edculo.<\/li>\n<\/ul>\n\n\n\n<p class=\"has-small-font-size\">\ud83d\udc49 <strong>Beneficio principal:<\/strong> Aumentar las posibilidades de \u00e9xito en la publicaci\u00f3n en <strong>revistas indexadas de prestigio internacional<\/strong>.<\/p>\n","protected":false},"excerpt":{"rendered":"<p>Publicar en revistas de alto impacto requiere estrategia, calidad y cumplimiento estricto de normas editoriales.Nuestro servicio de asesor\u00eda para Scopus y WoS est\u00e1 dise\u00f1ado para guiar a investigadores en todo el proceso de publicaci\u00f3n: \ud83d\udc49 Beneficio principal: Aumentar las posibilidades de \u00e9xito en la publicaci\u00f3n en revistas indexadas de prestigio internacional.<\/p>\n","protected":false},"author":1,"featured_media":0,"parent":0,"menu_order":0,"comment_status":"closed","ping_status":"closed","template":"","meta":{"footnotes":""},"class_list":["post-121","page","type-page","status-publish","hentry"],"_links":{"self":[{"href":"https:\/\/honexus.org\/index.php?rest_route=\/wp\/v2\/pages\/121","targetHints":{"allow":["GET"]}}],"collection":[{"href":"https:\/\/honexus.org\/index.php?rest_route=\/wp\/v2\/pages"}],"about":[{"href":"https:\/\/honexus.org\/index.php?rest_route=\/wp\/v2\/types\/page"}],"author":[{"embeddable":true,"href":"https:\/\/honexus.org\/index.php?rest_route=\/wp\/v2\/users\/1"}],"replies":[{"embeddable":true,"href":"https:\/\/honexus.org\/index.php?rest_route=%2Fwp%2Fv2%2Fcomments&post=121"}],"version-history":[{"count":1,"href":"https:\/\/honexus.org\/index.php?rest_route=\/wp\/v2\/pages\/121\/revisions"}],"predecessor-version":[{"id":122,"href":"https:\/\/honexus.org\/index.php?rest_route=\/wp\/v2\/pages\/121\/revisions\/122"}],"wp:attachment":[{"href":"https:\/\/honexus.org\/index.php?rest_route=%2Fwp%2Fv2%2Fmedia&parent=121"}],"curies":[{"name":"wp","href":"https:\/\/api.w.org\/{rel}","templated":true}]}}